q - 3. Let x(y) = y**3 - 3*y**2 + 4*y - 2. Let j be x(3). Suppose 5*c = -j - 65. Let w be (-4)/16 - c/(-4). What is o(w)?
-7
Let f(s) be the first derivative of s**3/3 - 1. Let h(t) = -t**2 - 8*t + 13. Let v be h(-10). Let r = v + 8. Determine f(r).
1
Let r be (-7)/(-2) + (-12)/24. Let v(t) = -t - 9*t**3 + 0*t + 1 + 3*t**2 + t**2 - r*t**2. Give v(1).
-8
Let x(p) = -11*p**3 + 6*p**2 - 2*p + 1. Let i(d) = 2*d**3 + d. Let l(m) = 6*i(m) + x(m). Determine l(-6).
-23
Let b(k) = -2*k + 10. Suppose -5*c = -2*c + 3, 4*f + 2*c = 30. Give b(f).
-6
Suppose -5*u + 16 = -w, -2*u - 3*u + 8 = -3*w. Let x(d) = 6 + w*d + 0*d + 2*d - 3*d. What is x(-5)?
-9
Suppose -11 + 1 = 2*l. Let k(u) be the second derivative of -u**4/12 - 2*u**3/3 - u**2/2 + 7*u + 9. Give k(l).
-6
Let w(h) be the third derivative of -h**5/12 + 205*h**2. Let s(c) = c**3 + 3*c**2 + 2*c + 4. Let o be s(-3). What is w(o)?
-20
Let v be (-4 - -30)*(-2)/(-4) + 2. Suppose 7*g - v - 13 = 0. Let q(a) = a**3 - 2*a**2 - 7*a + 6. Determine q(g).
10
Let l(v) = 7*v - 19. Let u(f) = 13*f - 38. Let t(w) = 5*l(w) - 3*u(w). What is t(9)?
-17
Let w = 2 + 0. Let g(v) = 2*v**3 + 6 + 5*v**w - v**3 - 9*v**2 - 3*v. Let k be -6*(-2)/3 - 0. What is g(k)?
-6
Let k be -3*(10/3 - 4). Let g(p) = -21 + 12 - 4*p**2 - 2*p**k - 3*p - p**3. Calculate g(-6).
9
Let u(d) = 293 - 296 - 6*d - d**2 - 6*d. What is u(-5)?
32
Let t(j) = -j - 2. Let l(k) = k**3 + 3*k**2 - 5*k - 4. Let w be l(-4). Suppose -2*s - 3*b + 0 + 12 = w, -2 = -b. Suppose -s = 5*u - 6*u. Give t(u).
-5
Let b(k) = 2 + k + k**2 + k - 5*k. Let q be 3/2*1*-2. Let g be (-14)/(-6) + q/9. What is b(g)?
0
Let z(d) = d**3 - 11*d**2 + 11*d + 18. Let c(p) = -2*p**3 + 22*p**2 - 21*p - 40. Let q(t) = 4*c(t) + 7*z(t). Give q(10).
-4
Suppose -10 = 4*a - 2. Let s(z) = 4*z**2 - 2*z - 8. Let u(g) = -5*g**2 + 2*g + 10. Let q(i) = -4*s(i) - 3*u(i). Calculate q(a).
-6
Let y(o) be the third derivative of -11*o**6/40 + 13*o**4/24 - 5*o**3/6 - 9*o**2. Let l(w) = -8*w**3 + 3*w - 1. Let z(g) = -9*l(g) + 2*y(g). Give z(-1).
-6
Let x(j) = 4*j - 160 + j**2 + j + 161. Suppose -4*s + c = 19, 0 = -3*s + 5*s + 5*c + 37. Determine x(s).
7
Let q(c) = -c**2 - 1. Suppose 11*b + 1430 = -2*b. Let t = b - -115. Give q(t).
-26
Let a(z) = -3*z**3 + 3*z**2 + 2*z + 13. Let t(b) = -b**3 + b**2 + b + 7. Let p(f) = a(f) - 2*t(f). Let y = 4 + -2. Give p(y).
-5
Suppose -4*c + 3*a + 24 = 4*a, 3*a = 0. Let n be 2/(-4) - (-27)/c. Let u(m) = 3*m + 6*m - m - 6*m + 4. Determine u(n).
12
Let x(j) = j**3 - 2*j**2 + 4*j - 3. Suppose o - 2*v = 8, -556*o + 18 = -553*o - 4*v. Determine x(o).
5
Suppose 36*k = 77*k + 246. Let n(p) = -p**2 - 9*p - 2. Give n(k).
16
Suppose -8*b + 14 = 3*v, b + 3*v = 5*v - 3. Let p(k) = -21*k**3 + k**2. Determine p(b).
-20
Let z(o) = -9*o. Suppose 86*s + 44 = 64*s. What is z(s)?
18
Let m(h) be the second derivative of h**4/12 + 5*h**2/2 + 2*h. Suppose -81*y - 71 = -71. Determine m(y).
5
Let w(x) be the second derivative of -x**3/3 - 5*x**2 - 7*x + 3. Calculate w(-13).
16
Let k(y) = 4*y**2 - y**2 - 5*y**2 - 6 + 2*y - 25*y + 4*y**2. What is k(12)?
6
Let l(i) = 2*i + 5. Suppose 3*h = 5*q - 61, q = -q - 4*h + 14. Suppose -3*y + 2*c = q, -3*y - 4*c = -0*y + 23. Determine l(y).
-5
Let d(v) = 132 - 69 - v - 56. Let o = -8 + 15. What is d(o)?
0
Let q(c) = 2*c**2 + 7*c. Let m = -16 + 21. Suppose h - 20 = m*h. Determine q(h).
15
Let c(r) = 10*r + 4. Let g(o) = 50*o + 22. Let f(u) = -11*c(u) + 2*g(u). Calculate f(2).
-20
Let i(t) = 286*t - 71*t + 2 - 67*t - 71*t - 76*t. Let c(f) = f**3 - 7*f**2 + 8*f - 6. Let k be c(6). Suppose 0 = -3*u + j - 4, 3*u + 3*j = -6 - k. What is i(u)?
0
Suppose -3*c - 10 = 2. Let t(y) = 2 - y - 11*y**2 - 4*y**3 + 6*y**2 + 3*y**3. Let o(m) = m**3 + 5*m**2 + 2*m - 2. Let g(l) = 3*o(l) + 2*t(l). What is g(c)?
-2
Let u(k) = -9 - k**2 + 32 - 6*k - 26. Suppose -z + 3 - 8 = 0. What is u(z)?
2
Let u(t) = t + 3. Let h be u(0). Suppose 27 = h*f - 12. Suppose -13 = p - 2*i, 3*i + f = -8*p + 3*p. Let l(m) = m**3 + 5*m**2 - 1. Give l(p).
-1
Let w(o) be the first derivative of 1/3*o**3 + 9*o + 1/12*o**4 - 10 + 1/2*o**2. Let h(d) be the first derivative of w(d). Calculate h(-3).
4
Let a be 2/(3 - (-235)/(-80)). Suppose 2*z + 4 = 2*g, 8*z - a = -4*g + 4*z. Let s(j) = 4*j - 3. Determine s(g).
17
Let v(p) = -1 - 5*p**2 + 1 + p**3 + 1 + 3*p. Suppose 2*n - z + 5*z = 8, 4*n + 2*z = 16. Determine v(n).
-3
Let g(n) = n**2 + 4*n + 9. Let f be g(-3). Let p be 40/f - (-31)/93. Let z(y) = y**3 - 6*y**2 - 7*y + 6. Give z(p).
6
Let u(v) = 11 + 4*v - 3*v - 1 - 7. Give u(-11).
-8
Let o = 5 + -4. Let g(b) = -13*b - 11 + o - b**2 + 13*b - 11*b. Give g(-9).
8
Let b(k) be the second derivative of -k**4/12 + 7*k**3/6 - 5*k**2/2 - 54*k. Let o be 0 - (-5)/((-10)/(-4)). Suppose r - 12 = -o*r. Determine b(r).
7
Let u(x) = 5*x**3 + 31*x**2 + 47*x + 36. Let j(r) = -3*r**3 - 21*r**2 - 31*r - 24. Let a(p) = -8*j(p) - 5*u(p). What is a(14)?
-2
Let c = 18 + -52. Let r = 29 + c. Let o(x) = -x**3 - 6*x**2 - 6*x + 5. Determine o(r).
10
Let n(h) be the third derivative of -h**6/120 - h**5/20 - h**4/6 - h**3/3 + 19*h**2. What is n(-3)?
10
Let x(b) = b**3 + 12*b**2 - b - 9. Let g be x(-12). Suppose -4*l = -3*a - 12, -l - 4*a + 0*a = -g. Let m(t) = 2*t + 4 - t**3 + 1 - l - 3*t**2. Determine m(-3).
-4
Let i(m) = -4*m**2 - 2*m - 8. Let s(y) = -5*y**2 - 3*y - 9. Let t(z) = 4*i(z) - 3*s(z). Calculate t(0).
-5
Let d be (2/(-96)*-9*-2)/(-3). Let v(m) be the third derivative of -d*m**4 + 0 + 0*m**3 - 1/30*m**5 - 3*m**2 + 0*m. What is v(-2)?
-2
Let m(b) = 9*b - 3. Let z(w) = 4*w - 2. Let x(n) = 3*m(n) - 7*z(n). Suppose 9*i - 5*i - 124 = 0. Suppose -3*v + 13 = i. Give x(v).
11
Let o(a) be the second derivative of -a**3 + a**2 + 18*a - 1. Let n = -4 + 2. Calculate o(n).
14
Suppose -37*g + 35*g = 6. Let l(b) be the second derivative of b**4/12 + 5*b**3/6 + b**2 + 12*b. Calculate l(g).
-4
Let i(u) = -u**2 - 4*u + 16. Let s be i(-5). Let g = -15 - -9. Let q = g + s. Let a(p) = -p**3 + 5*p**2 - p - 3. What is a(q)?
-8
Suppose d + 27*b - 30*b + 11 = 0, -5*d = -4*b. Let k(g) = 2*g - 8. Determine k(d).
0
Let g(s) = s**2 + 12*s + 40. Let i be g(-6). Let v(u) = -7*u - 5*u**2 + 0*u**3 + 13*u - 2 + u**3 - 3*u. Determine v(i).
-6
Suppose 0 = -12*r + 53 - 5. Let d(t) = t - 2. Let s be d(7). Suppose 7*x + s*h = r*x + 18, -4*h = -12. Let y(z) = -z**2 - 2*z + 1. Calculate y(x).
-2
Suppose 0 = 5*g - a - 14, -7*g - a = -2*g - 16. Let m(h) = 213*h + 2 - h**2 + 186*h - 394*h. What is m(g)?
8
Let q(t) be the first derivative of t**4/4 + 8*t**3/3 + 13*t**2/2 + 12*t + 179. Determine q(-6).
6
Let j(h) be the second derivative of h**5/20 + 4*h**4/3 - h**3/3 - 12*h**2 - 43*h. Give j(-16).
8
Suppose f = 94 - 95. Let a(s) be the second derivative of s**4/3 - s**3/6 + 4*s. Give a(f).
5
Let m(g) = g**2 - 3*g**2 + 11407 - 5*g - 11412 + 3*g**2. Give m(3).
-11
Let s(t) = -2*t + 27. Let x be s(12). Suppose 30 = -0*u + 3*u + 5*n, 4*n = 12. Let r(v) = u*v + 1 - x*v - 4*v. Give r(3).
-5
Suppose -p - 2*d = 1, -3*p = -2*d - 2 - 3. Let h(f) = p + 2*f - f + 3 - 2*f. Let j be (-17)/(-85) - 1/5. What is h(j)?
4
Let i(u) be the third derivative of -u**6/120 - u**5/20 - u**4/24 - u**3/2 + 86*u**2. Let h = 9 + -12. Give i(h).
0
Suppose 0 = 4*j - k - 122, -4*k - 8 = 3*j - 90. Suppose -4*a = -5*u - j, 4*u = -2*a + 1 + 1. Let w(r) = r**3 - 5*r**2 - 2*r + 4. What is w(a)?
-6
Let b(u) = -4*u + 9. Let k(n) = -4*n + 9. Let w(d) = 4*b(d) - 3*k(d). Give w(8).
-23
Let i(p) = 6*p**3 - p**2 - 3*p + 2. Let j be i(1). Let o(d) = 4*d - 1. Calculate o(j).
15
Let c(s) = 5*s - 2. Let d(i) = i**3 - 10*i**2 - 10*i - 10. Let o be d(11). Calculate c(o).
3
Let y(v) = v**2 - 3*v - 10. Suppose -27*g + 40*g + 26 = 0. Calculate y(g).
0
Suppose 4*l + 14 = 2*q, 4*q - 2*l - 1 + 3 = 0. Let c(t) be the second derivative of -1/6*t**3 - 1/6*t**4 + 2*t**2 + 5*t + 0. Determine c(q).
-11
Let d(r) be the first derivative of 0*r**2 + 4*r - 6 - 1/3*r**3. Determine d(3).
-5
Let j(t) = 14*t + 11. Let k(f) = 5*f + 4. Let z(a) = -4*j(a) + 11*k(a). Give z(-1).
1
Let h be 0 - (0 + -5) - (-6)/(-2). Let q(f) = -f**h + 10*f - f - 4*f - 13*f. Determine q(-6).
12
Let j(l) = -1 + 3*l**2 + 6*l**2 + 0 + 2 - 2. Determine j(2).
35
Let i(f) be the third derivative of f**6/720 + f**5/60 + 29*f**4/24 - 5*f**2. Let t(c) be the second deriv